{"id":153,"date":"2023-02-21T22:03:17","date_gmt":"2023-02-21T22:03:17","guid":{"rendered":"https:\/\/dkempiresn.com\/?page_id=153"},"modified":"2023-09-02T13:22:55","modified_gmt":"2023-09-02T13:22:55","slug":"eco-quiz","status":"publish","type":"page","link":"https:\/\/dkempiresn.com\/index.php\/eco-quiz\/","title":{"rendered":"Eco Quiz"},"content":{"rendered":"\n<p>Plongez dans le monde captivant de l&#8217;apprentissage \u00e9cologique avec Eco Quiz, le jeu de quizz qui mettra \u00e0 l&#8217;\u00e9preuve vos connaissances sur l&#8217;environnement et vous sensibilisera aux enjeux cruciaux de notre plan\u00e8te. Explorez diverses th\u00e9matiques li\u00e9es \u00e0 la nature, \u00e0 la durabilit\u00e9, \u00e0 la faune, \u00e0 la flore et bien plus encore, tout en vous amusant et en relevant des d\u00e9fis intellectuels.<\/p>\n\n\n\n<p>\ud83c\udf0d D\u00e9couverte \u00c9ducative: Explorez des centaines de questions soigneusement \u00e9labor\u00e9es pour \u00e9largir vos horizons environnementaux tout en vous amusant.<\/p>\n\n\n\n<p>\ud83c\udf3f Th\u00e9matiques Vari\u00e9es: Testez vos connaissances dans des domaines tels que le recyclage, les \u00e9nergies renouvelables, la biodiversit\u00e9, les \u00e9cosyst\u00e8mes et bien d&#8217;autres.<\/p>\n\n\n\n<p>\ud83d\udc3e Collecte de R\u00e9compenses: R\u00e9pondez correctement pour gagner des r\u00e9compenses virtuelles et suivez votre progression \u00e0 travers diff\u00e9rents niveaux de difficult\u00e9.<\/p>\n\n\n\n<p>\ud83c\udfc6 Classements Mondiaux: Montrez vos comp\u00e9tences en obtenant un classement \u00e9lev\u00e9 parmi les joueurs du monde entier.<\/p>\n\n\n\n<p>\ud83c\udf31 Engagement \u00c9cologique: En plus d&#8217;apprendre, d\u00e9couvrez comment vous pouvez contribuer personnellement \u00e0 la pr\u00e9servation de notre plan\u00e8te gr\u00e2ce \u00e0 des conseils pratiques.<\/p>\n\n\n\n<p>\ud83c\udf81 Mises \u00e0 Jour R\u00e9guli\u00e8res: Profitez de nouvelles questions, de nouvelles th\u00e9matiques et de fonctionnalit\u00e9s passionnantes dans nos mises \u00e0 jour fr\u00e9quentes.<\/p>\n\n\n\n<p>T\u00e9l\u00e9charger sur Playstore : <a href=\"https:\/\/play.google.com\/store\/apps\/details?id=com.DKEmpire.EcoQuiz\" target=\"_blank\" rel=\"noopener\" title=\"\">https:\/\/play.google.com\/store\/apps\/details?id=com.DKEmpire.EcoQuiz<\/a><\/p>\n\n\n\n<figure class=\"wp-block-image size-large\"><img loading=\"lazy\" decoding=\"async\" width=\"1024\" height=\"576\" src=\"https:\/\/dkempiresn.com\/wp-content\/uploads\/2023\/09\/unnamed-1024x576.webp\" alt=\"\" class=\"wp-image-438\" srcset=\"https:\/\/dkempiresn.com\/wp-content\/uploads\/2023\/09\/unnamed-1024x576.webp 1024w, https:\/\/dkempiresn.com\/wp-content\/uploads\/2023\/09\/unnamed-300x169.webp 300w, https:\/\/dkempiresn.com\/wp-content\/uploads\/2023\/09\/unnamed-768x432.webp 768w, https:\/\/dkempiresn.com\/wp-content\/uploads\/2023\/09\/unnamed-1536x864.webp 1536w, https:\/\/dkempiresn.com\/wp-content\/uploads\/2023\/09\/unnamed.webp 1920w\" sizes=\"auto, (max-width: 1024px) 100vw, 1024px\" \/><\/figure>\n","protected":false},"excerpt":{"rendered":"<p>Plongez dans le monde captivant de l&#8217;apprentissage \u00e9cologique avec Eco Quiz, le jeu de quizz qui mettra \u00e0 l&#8217;\u00e9preuve vos connaissances sur l&#8217;environnement et vous sensibilisera aux enjeux cruciaux de notre plan\u00e8te. Explorez diverses th\u00e9matiques li\u00e9es \u00e0 la nature, \u00e0 la durabilit\u00e9, \u00e0 la faune, \u00e0 la flore et bien plus encore, tout en vous amusant et en relevant des d\u00e9fis intellectuels. \ud83c\udf0d D\u00e9couverte \u00c9ducative: Explorez des centaines de questions soigneusement \u00e9labor\u00e9es pour \u00e9largir vos horizons environnementaux tout en vous amusant. \ud83c\udf3f Th\u00e9matiques Vari\u00e9es: Testez vos connaissances dans des domaines tels que le recyclage, les \u00e9nergies renouvelables, la biodiversit\u00e9, les \u00e9cosyst\u00e8mes et bien d&#8217;autres. \ud83d\udc3e Collecte de R\u00e9compenses: R\u00e9pondez correctement pour gagner des r\u00e9compenses virtuelles et suivez votre progression \u00e0 travers diff\u00e9rents niveaux de difficult\u00e9. \ud83c\udfc6 Classements Mondiaux: Montrez vos comp\u00e9tences en obtenant un classement \u00e9lev\u00e9 parmi les joueurs du monde entier. \ud83c\udf31 Engagement \u00c9cologique: En plus d&#8217;apprendre, d\u00e9couvrez comment&hellip;<\/p>\n<p> <a class=\"more-link\" href=\"https:\/\/dkempiresn.com\/index.php\/eco-quiz\/\">Read more<\/a><\/p>\n","protected":false},"author":1,"featured_media":0,"parent":0,"menu_order":0,"comment_status":"closed","ping_status":"closed","template":"","meta":{"om_disable_all_campaigns":false,"_mi_skip_tracking":false,"_monsterinsights_sitenote_active":false,"_monsterinsights_sitenote_note":"","_monsterinsights_sitenote_category":0,"footnotes":""},"class_list":["post-153","page","type-page","status-publish"],"aioseo_notices":[],"_links":{"self":[{"href":"https:\/\/dkempiresn.com\/index.php\/wp-json\/wp\/v2\/pages\/153","targetHints":{"allow":["GET"]}}],"collection":[{"href":"https:\/\/dkempiresn.com\/index.php\/wp-json\/wp\/v2\/pages"}],"about":[{"href":"https:\/\/dkempiresn.com\/index.php\/wp-json\/wp\/v2\/types\/page"}],"author":[{"embeddable":true,"href":"https:\/\/dkempiresn.com\/index.php\/wp-json\/wp\/v2\/users\/1"}],"replies":[{"embeddable":true,"href":"https:\/\/dkempiresn.com\/index.php\/wp-json\/wp\/v2\/comments?post=153"}],"version-history":[{"count":10,"href":"https:\/\/dkempiresn.com\/index.php\/wp-json\/wp\/v2\/pages\/153\/revisions"}],"predecessor-version":[{"id":439,"href":"https:\/\/dkempiresn.com\/index.php\/wp-json\/wp\/v2\/pages\/153\/revisions\/439"}],"wp:attachment":[{"href":"https:\/\/dkempiresn.com\/index.php\/wp-json\/wp\/v2\/media?parent=153"}],"curies":[{"name":"wp","href":"https:\/\/api.w.org\/{rel}","templated":true}]}}